re the prime factors of 48835?
5, 9767
List the prime factors of 85.
5, 17
What are the prime factors of 53515?
5, 7, 11, 139
List the prime factors of 60756.
2, 3, 61, 83
What are the prime factors of 4568?
2, 571
List the prime factors of 17704.
2, 2213
List the prime factors of 1114.
2, 557
List the prime factors of 2305.
5, 461
What are the prime factors of 12672?
2, 3, 11
List the prime factors of 441.
3, 7
What are the prime factors of 2172?
2, 3, 181
What are the prime factors of 7557?
3, 11, 229
What are the prime factors of 1944?
2, 3
List the prime factors of 41603.
41603
List the prime factors of 6723.
3, 83
List the prime factors of 1103.
1103
List the prime factors of 4855.
5, 971
List the prime factors of 8229.
3, 13, 211
What are the prime factors of 4722?
2, 3, 787
What are the prime factors of 3792?
2, 3, 79
What are the prime factors of 3805?
5, 761
List the prime factors of 6105.
3, 5, 11, 37
What are the prime factors of 32466?
2, 3, 7, 773
List the prime factors of 270.
2, 3, 5
What are the prime factors of 92?
2, 23
What are the prime factors of 98133?
3, 7, 4673
List the prime factors of 12814.
2, 43, 149
What are the prime factors of 895?
5, 179
What are the prime factors of 735?
3, 5, 7
List the prime factors of 24563.
7, 11, 29
What are the prime factors of 3561?
3, 1187
What are the prime factors of 121?
11
What are the prime factors of 2086?
2, 7, 149
What are the prime factors of 47696?
2, 11, 271
What are the prime factors of 11376?
2, 3, 79
List the prime factors of 5253.
3, 17, 103
List the prime factors of 50639.
79, 641
What are the prime factors of 37239?
3, 12413
List the prime factors of 829.
829
List the prime factors of 34306.
2, 17, 1009
List the prime factors of 6201.
3, 13, 53
List the prime factors of 50727.
3, 37, 457
List the prime factors of 5956.
2, 1489
What are the prime factors of 444?
2, 3, 37
List the prime factors of 1822.
2, 911
List the prime factors of 53967.
3, 17989
What are the prime factors of 25218?
2, 3, 467
List the prime factors of 43671.
3, 14557
What are the prime factors of 6969?
3, 23, 101
What are the prime factors of 186?
2, 3, 31
What are the prime factors of 11839?
11839
List the prime factors of 1632.
2, 3, 17
List the prime factors of 3007.
31, 97
What are the prime factors of 2039?
2039
What are the prime factors of 361?
19
What are the prime factors of 1195?
5, 239
What are the prime factors of 1811?
1811
List the prime factors of 76422.
2, 3, 47, 271
What are the prime factors of 9694?
2, 37, 131
What are the prime factors of 4452?
2, 3, 7, 53
What are the prime factors of 2110?
2, 5, 211
List the prime factors of 3221.
3221
What are the prime factors of 15805?
5, 29, 109
What are the prime factors of 4063?
17, 239
List the prime factors of 1259.
1259
What are the prime factors of 47933?
47933
List the prime factors of 616.
2, 7, 11
What are the prime factors of 147216?
2, 3, 3067
List the prime factors of 26484.
2, 3, 2207
List the prime factors of 11215.
5, 2243
List the prime factors of 13317.
3, 23, 193
List the prime factors of 29823.
3, 9941
List the prime factors of 570.
2, 3, 5, 19
List the prime factors of 5324.
2, 11
List the prime factors of 54.
2, 3
List the prime factors of 14319.
3, 37, 43
List the prime factors of 4701.
3, 1567
What are the prime factors of 2331?
3, 7, 37
List the prime factors of 16820.
2, 5, 29
List the prime factors of 33562.
2, 97, 173
List the prime factors of 541.
541
What are the prime factors of 7807?
37, 211
What are the prime factors of 10427?
10427
What are the prime factors of 10269?
3, 7, 163
List the prime factors of 9469.
17, 557
List the prime factors of 5179.
5179
List the prime factors of 2649.
3, 883
List the prime factors of 16924.
2, 4231
List the prime factors of 2642.
2, 1321
What are the prime factors of 4843?
29, 167
What are the prime factors of 9717?
3, 41, 79
List the prime factors of 175.
5, 7
List the prime factors of 4329.
3, 13, 37
List the prime factors of 1725.
3, 5, 23
What are the prime factors of 19655?
5, 3931
List the prime factors of 178.
2, 89
List the prime factors of 3285.
3, 5, 73
List the prime factors of 9420.
2, 3, 5, 157
What are the prime factors of 807?
3, 269
List the prime factors of 41113.
41113
List the prime factors of 82024.
2, 10253
List the prime factors of 7209.
3, 89
List the prime factors of 76773.
3, 157, 163
What are the prime factors of 21058?
2, 10529
List the prime factors of 675.
3, 5
What are the prime factors of 10933?
13, 29
What are the prime factors of 1330?
2, 5, 7, 19
List the prime factors of 76189.
61, 1249
List the prime factors of 5449.
5449
What are the prime factors of 4506?
2, 3, 751
List the prime factors of 21746.
2, 83, 131
List the prime factors of 19371.
3, 11, 587
What are the prime factors of 18173?
17, 1069
List the prime factors of 20255.
5, 4051
What are the prime factors of 2685?
3, 5, 179
List the prime factors of 828.
2, 3, 23
What are the prime factors of 22450?
2, 5, 449
What are the prime factors of 81722?
2, 29, 1409
List the prime factors of 2668.
2, 23, 29
What are the prime factors of 1505?
5, 7, 43
List the prime factors of 1846.
2, 13, 71
What are the prime factors of 5365?
5, 29, 37
List the prime factors of 1200.
2, 3, 5
What are the prime factors of 1307?
1307
List the prime factors of 23252.
2, 5813
What are the prime factors of 5033?
7, 719
What are the prime factors of 20977?
11, 1907
List the prime factors of 22899.
3, 17, 449
What are the prime factors of 16169?
19, 23, 37
What are the prime factors of 73196?
2, 29, 631
List the prime factors of 8359.
13, 643
What are the prime factors of 6242?
2, 3121
What are the prime factors of 30024?
2, 3, 139
What are the prime factors of 8157?
3, 2719
What are the prime factors of 2399?
2399
What are the prime factors of 101?
101
List the prime factors of 115855.
5, 17, 29, 47
What are the prime factors of 2723?
7, 389
List the prime factors of 2769.
3, 13, 71
List the prime factors of 874.
2, 19, 23
What are the prime factors of 8946?
2, 3, 7, 71
What are the prime factors of 14431?
14431
List the prime factors of 3382.
2, 19, 89
What are the prime factors of 20783?
7, 2969
What are the prime factors of 180?
2, 3, 5
What are the prime factors of 7562?
2, 19, 199
What are the prime factors of 3308?
2, 827
What are the prime factors of 51733?
11, 4703
What are the prime factors of 125091?
3, 41, 113
List the prime factors of 137315.
5, 29, 947
List the prime factors of 2443.
7, 349
List the prime factors of 92.
2, 23
What are the prime factors of 2941?
17, 173
List the prime factors of 5315.
5, 1063
What are the prime factors of 647?
647
List the prime factors of 45339.
3, 7, 17, 127
What are the prime factors of 979?
11, 89
List the prime factors of 8607.
3, 19, 151
What are the prime factors of 1507?
11, 137
What are the prime factors of 1828?
2, 457
List the prime factors of 28097.
28097
List the prime factors of 12203.
12203
List the prime factors of 1232.
2, 7, 11
List the prime factors of 609.
3, 7, 29
List the prime factors of 8927.
79, 113
List the prime factors of 24491.
19, 1289
What are the prime factors of 176?
2, 11
What are the prime factors of 44384?
2, 19, 73
What are the prime factors of 14988?
2, 3, 1249
List the prime factors of 1039.
1039
List the prime factors of 65233.
7, 9319
List the prime factors of 13003.
13003
What are the prime factors of 99516?
2, 3, 8293
List the prime factors of 11799.
3, 19, 23
What are the prime factors of 7761?
3, 13, 199
List the prime factors of 4814.
2, 29, 83
List the prime factors of 12302.
2, 6151
What are the prime factors of 23433?
3, 73, 107
What are the prime factors of 6011?
6011
List the prime factors of 12511.
12511
What are the prime factors of 87514?
2, 7, 19, 47
What are the prime factors of 2750?
2, 5, 11
List the prime factors of 6054.
2, 3, 1009
List the prime factors of 2811.
3, 937
List the prime factors of 1881.
3, 11, 19
What are the prime factors of 110120?
2, 5, 2753
List the prime factors of 7919.
7919
What are the prime factors of 2853?
3, 317
List the prime factors of 1705.
5, 11, 31
What are the prime factors of 123471?
3, 17, 269
What are the prime factors of 6377?
7, 911
What are the prime factors of 53